91. Is s a prime number?
False
Let t = 457 + -299. Let a = -91 + t. Is a a composite number?
False
Suppose 2*a + 20 = 5*v, 3*a + 9 = 4*v - 7. Suppose -3*f + 243 = b + f, -2*f + 2 = a. Let s = b - 154. Is s a prime number?
False
Let j = 5 + -6. Let v(a) = -2*a**3 - a**2 + 1. Let g be v(j). Suppose -g*t - 4*z = -28, t = -t - 2*z + 24. Is t a prime number?
False
Let k(d) = -2*d + 3. Let q be k(9). Is 3/q - (-246)/5 a composite number?
True
Let j(g) = 83*g + 2. Let p(a) = a**3 - 6*a**2 + 2*a - 9. Let n be p(6). Is j(n) a composite number?
False
Let g = -4 + 4. Suppose 0 = 5*s + 2*m - 38, 2*s = -g*s + 4*m - 4. Is (3/s - 1)*-46 prime?
True
Suppose -19 = -o + 23. Let v = o + -29. Let w = v + -6. Is w a prime number?
True
Suppose 2*a - 4*m - 7 = -m, 0 = -5*a + 4*m + 21. Let b(s) = 61*s - 12. Is b(a) composite?
False
Suppose -s - 223 = -13. Let r = s + 368. Is r composite?
True
Suppose -2 = 2*r - 16. Let t = r + -7. Suppose t = -5*d + 10*d - 190. Is d prime?
False
Let z(y) = y**2 - 6. Let s(j) = 2*j**2 - 12. Let k(i) = 3*s(i) - 5*z(i). Is k(-5) prime?
True
Is 66885/85 - (-8)/68 a composite number?
False
Suppose -4*l - 4*h + 1449 = -1331, 2077 = 3*l + h. Is l composite?
False
Let u = 52 - 75. Let k = 36 + u. Is k prime?
True
Let g(u) = -u**2 + 59. Is g(0) a composite number?
False
Let d(k) = 30*k - 11. Is d(14) prime?
True
Let y be 81/15 - (-2)/(-5). Suppose y*u = -x - 89, 4*u + 5*x + 73 + 15 = 0. Let q = -6 - u. Is q composite?
False
Suppose -3*i - i - 320 = -2*a, -i = -3*a + 485. Let c = 320 - a. Is c a composite number?
True
Suppose -5*r + 4619 = -13836. Is r a composite number?
False
Let s(w) = 21*w**3 + w**2 - w. Let t be s(1). Let n be ((-234)/t)/(1/7). Let r = -39 - n. Is r prime?
False
Suppose -6*g + 1437 + 2313 = 0. Suppose 0 = 6*q + 103 - g. Is q a composite number?
True
Let a = 22 - 16. Let f = a - -7. Is f prime?
True
Is -3*(28/(-6))/2 a composite number?
False
Let a be 1 + 132 + (-1 - 0). Suppose 48 - 273 = -3*d. Let j = a - d. Is j prime?
False
Let i = 18 - 15. Suppose i*s - 4*w = 489, 922 - 107 = 5*s - 2*w. Is s a composite number?
False
Let o(n) be the first derivative of 2*n**3/3 - 3*n**2/2 + n - 2. Is o(4) prime?
False
Suppose -3*t + 4*t - 249 = 0. Is t a composite number?
True
Let j = -40 - -97. Is j prime?
False
Suppose -3*g = -2*g - 5. Suppose g*b - 291 = -1. Is b prime?
False
Suppose -q - 6 = -4*q. Suppose 4*f + 55 = 3*g, 7*g + 4*f - 120 = 3*g. Is (g - (-2 + q))*1 composite?
True
Suppose 3*l + 1645 = w, -5*l = -0*l - 20. Is w composite?
False
Let p(y) = 2*y**2 - y + 7. Is p(4) prime?
False
Let k = -1 - -6. Suppose -7 - 90 = -z + 5*o, -k*z - 5*o = -365. Is z prime?
False
Suppose -4*k - 156 - 52 = 0. Let t = 37 - k. Is t a prime number?
True
Let r = -389 + 1596. Is r composite?
True
Suppose -2 = 3*x - 4*x. Suppose x*s = s + 57. Is s prime?
False
Suppose 45 = k - 9. Suppose -20 = 2*q + 2*q, 3*q + k = c. Is c a composite number?
True
Suppose m - 36 = 23. Let j = 118 - m. Is j composite?
False
Let a(n) = n - 1. Let k(q) = -4*q + 2. Let x(j) = 5*a(j) + k(j). Let y be x(6). Suppose -y*b + 80 = -79. Is b a composite number?
False
Suppose -3*j - 5 = 4, -5*y + j = -403. Let o = y + -43. Is o a prime number?
True
Let n = -18 + 16. Suppose -1 = 5*a + 4. Is 13*2*a/n prime?
True
Let m(f) = -4*f**3 - 3*f + 4 + f**3 + 4*f + 3*f**2 + 2*f**3. Is m(-3) a prime number?
False
Let r(q) = -q**3 + 6*q**2 + 2*q - 2. Let o be -1 + -1 - (-14)/2. Is r(o) a composite number?
True
Suppose 428 = -2*r - 1242. Let v = r + 1214. Is v prime?
True
Let k(o) = -5*o. Suppose 5*l = 2*l - 6. Let u be k(l). Suppose -u = -2*q + 34. Is q composite?
True
Suppose -3*m - 5*o + 24 = 0, m - 9 = 2*m - 4*o. Suppose y - 42 = 5*l, l = m*l - 3*y + 9. Let v = 23 + l. Is v a prime number?
False
Suppose -4*k = 3*f - 29, -f + k - 2 = -0*k. Let d = 3 - 21. Let r = f - d. Is r a prime number?
False
Let n(t) = 46*t - 12. Let c be n(2). Let j(z) = -2*z**3 + 4*z**2 - 2*z. Let b be j(2). Is c - (1 + b/(-2)) prime?
False
Let r be (0 + 2/(-6))*3. Let a(t) = 31*t**2 - 23*t**2 - t + 30*t**2 - 1. Is a(r) prime?
False
Let u = 17 + -14. Suppose 0 = 8*b - u*b - 105. Is b prime?
False
Let y(v) = -27*v**3 + 3*v**2 - 10*v - 19. Is y(-6) composite?
False
Let p(l) = 2*l**2 - l - 2. Let o be p(2). Suppose -w - 1092 = 2*w. Is 1/o + w/(-16) a composite number?
False
Let t(w) = w**3 + 9*w**2 + 7*w + 3. Let h(b) = b**3 - 3*b**2 - 7*b + 6. Let s be h(4). Is t(s) composite?
True
Let i(m) = 385*m - 36. Is i(17) a prime number?
False
Let l = -8 + 7. Is l + -1 - (-13 + -3) composite?
True
Suppose 7*b + 2409 - 7960 = 0. Is b a composite number?
True
Suppose 1268 = 4*u - 2*u. Suppose s = -5*a + u, 2*a + s = -2*a + 507. Is a composite?
False
Let b(c) = -c. Let l(i) = -2*i**2 - 7*i + 3. Let j(q) = 2*b(q) - l(q). Let s be j(-4). Is (35 - 1)*s/6 a prime number?
False
Is ((-170)/4)/((-5)/10) prime?
False
Suppose 0*l = 2*o + 4*l - 3510, 5*o - 3*l - 8801 = 0. Is o composite?
False
Let i = -81 - -764. Is i a composite number?
False
Let b = 84 + -1. Is b prime?
True
Let f be 2/1 - (1 + 6). Let m be (0 - f/2)*2. Suppose 2*h - m*h = -105. Is h composite?
True
Let u(c) = 11*c**2 - c + 9. Let v be u(-8). Let x = v + -462. Is x prime?
False
Let w = -9 + 4. Let o(h) = -4*h - 9*h + 2*h - 6 + 6*h. Is o(w) a prime number?
True
Let v(k) = 3*k**2 - 2*k + 1. Suppose -4*m - 8 = 16. Is v(m) a prime number?
False
Let w = -1628 + 2973. Is w a prime number?
False
Suppose g - 170 = t - 30, 4*g = -3*t + 574. Is g a composite number?
True
Suppose 0 = 3*w - 2*b - 138 - 3290, 3*w = 5*b + 3431. Is (-4)/(-6) - w/(-6) a composite number?
False
Suppose -3*f - 4*c - 6 = -0*f, 0 = f - 2*c + 12. Is (-9)/f - (-812)/8 composite?
False
Let v = -13 - -4. Is (-200)/v + 2/(-9) composite?
True
Suppose -4*l + 1 = -7, -248 = -2*t + 5*l. Let a = t + -70. Is a a composite number?
False
Let a(k) be the first derivative of -k**3/3 - 7*k**2/2 - 6*k + 1. Let t be a(-6). Suppose -2 = d + 2*b - 48, t = -2*d + b + 72. Is d a prime number?
False
Suppose 2*m = m - 298. Let v = -95 - m. Is v a prime number?
False
Let l(o) = o + 7. Let d be l(-5). Suppose -d*i + 99 = -223. Is i composite?
True
Let q be (-6)/9 - 4/3. Is 6/q - -149 - -3 composite?
False
Let v = 477 + 392. Is v a prime number?
False
Suppose -2 - 23 = -5*r. Let v(x) = 29*x**2 - x - 1. Let y be v(-2). Suppose -r*a + 0*a - 125 = -j, -a = -j + y. Is j prime?
False
Let j = 113 - -60. Suppose -5*c + 140 = -1140. Let b = c - j. Is b prime?
True
Suppose -547 = 3*s + 4*r - 1397, 3*s = 4*r + 818. Suppose -2*a = -8, -2*i + 0*a + s = 3*a. Is i a composite number?
True
Suppose 0*t + 16 = 4*t. Suppose -413 = -t*a + 351. Is a prime?
True
Let v(a) = -27*a**3 + 4*a**2 - 2*a - 5. Is v(-4) a composite number?
True
Let n(l) = 3*l + 6. Let w be n(6). Suppose -w = b + 3*o, 2*b + o + 38 = -0*o. Let u = b + 32. Is u prime?
False
Let w = -467 + 720. Is w a prime number?
False
Let x be (-6)/(-4) + (-242)/4. Let w = x + 115. Let h = w - 19. Is h prime?
True
Let f(p) be the first derivative of -p**5/20 - p**4/12 + p**3/2 - p**2/2 - 2*p + 4. Let g(z) be the first derivative of f(z). Is g(-4) prime?
False
Let v(l) = -l**3 - 10*l**2 - 2. Let b be v(-10). Let w = 0 - b. Suppose 2*y - 5*g - 13 = 0, -w*y - 2*y + 61 = -3*g. Is y composite?
False
Let t(a) = a**3 + a**2 - a + 149. Is t(0) composite?
False
Let b be 0/1*(1 - 0). Let z be (b/1)/(-2 + 3). Suppose 5*i - 4*i - 37 = z. Is i a prime number?
True
Suppose 88 - 438 = -2*k. Let p = -113 + k. Is p composite?
True
Let b(q) = 49*q**2 - 3*q. Let t be b(2). Let l = -101 + t. Is l composite?
False
Let i(c) = c**2 + 4*c + 1. Let m be i(-4). Let s(d) = -d**3. Let x(a) = 42*a**3 + 2*a**2 - 2*a + 1. Let w(u) = 6*s(u) + x(u). Is w(m) prime?
True
Let x(c) = -c**3 + 19*c**2 - 4*c - 17. Is x(16) a composite number?
True
Suppose -66 = -5*o + 9. Is o a composite number?
True
Let q be (98/(-6))/(2/12). Let j = 169 + q. Is j prime?
True
Let j(s) = 511*s + 13. Let o(z) = 128*z + 3. Let h(f) = 2*j(f) - 9*o(f). Let v be h(-1). Suppose x = -2*x + 5*m + v, -4*m - 88 = -2*x. Is x a composite number?
True
Is 2/(-6) - (-88)/12 a composite number?
False
Suppose 0 = -u - 0 + 4. Let p be (40/24)/((-5)/(-18)). Suppose u*q - 22 + p = 0. Is q a composite number?
True
Let w be (-373)/(1*1/(-2)). Let f be w/8 - 2/8. Is (-1 